 common factor of 542 and 313918?
2
What is the greatest common divisor of 1442 and 35714?
14
Calculate the greatest common divisor of 332856 and 143244.
828
Calculate the highest common divisor of 61522993 and 13055.
2611
Calculate the highest common divisor of 60 and 19718676.
12
What is the greatest common divisor of 105 and 633381?
21
Calculate the greatest common divisor of 33741 and 651015.
207
Calculate the greatest common factor of 56352 and 138.
6
Calculate the greatest common divisor of 9239191 and 113841.
1807
Calculate the greatest common divisor of 520 and 8760.
40
What is the greatest common divisor of 15638 and 13634102?
2234
What is the greatest common divisor of 1295606 and 936?
26
What is the highest common divisor of 3680 and 303163920?
1840
What is the greatest common divisor of 7305546 and 4276?
2138
Calculate the greatest common factor of 11865 and 472920.
105
What is the greatest common factor of 5771554 and 475?
19
Calculate the highest common divisor of 1584776 and 3784.
8
Calculate the highest common divisor of 9 and 5011659.
9
What is the greatest common divisor of 1805 and 7885?
95
Calculate the greatest common factor of 30050742 and 2983.
2983
What is the greatest common factor of 1705 and 15218520?
155
What is the highest common divisor of 1495004 and 9980?
1996
What is the highest common divisor of 1411 and 2103552?
83
What is the greatest common divisor of 76268 and 36800?
92
Calculate the greatest common factor of 3664 and 876688.
16
What is the greatest common factor of 840 and 84195?
15
Calculate the greatest common divisor of 482487280 and 330.
110
What is the greatest common factor of 765 and 2275535?
85
What is the greatest common divisor of 25812767 and 12125?
97
What is the highest common divisor of 11569675 and 99425?
2425
What is the greatest common divisor of 20 and 51254530?
10
What is the highest common divisor of 7569 and 300098235?
2523
What is the greatest common factor of 10 and 3122140?
10
Calculate the highest common factor of 118532916 and 6432.
804
Calculate the highest common factor of 22609 and 18837.
23
What is the highest common factor of 2456 and 1285448?
8
What is the greatest common factor of 20131 and 1246649?
491
Calculate the greatest common factor of 36719794 and 4016.
502
Calculate the greatest common divisor of 720 and 21177060.
60
Calculate the greatest common divisor of 25385138 and 404.
202
What is the highest common divisor of 399616 and 180992?
1792
What is the highest common divisor of 3065048 and 74088?
2744
Calculate the greatest common factor of 83522674 and 14864.
1858
Calculate the highest common factor of 6189231 and 203003.
4721
Calculate the greatest common factor of 246859 and 1150.
23
What is the highest common divisor of 265317 and 7254?
39
What is the greatest common divisor of 1671993 and 1110?
111
Calculate the highest common divisor of 56 and 147352.
8
Calculate the greatest common divisor of 2880549 and 147.
21
What is the highest common factor of 3988 and 951564?
4
Calculate the highest common factor of 15559038 and 571578.
2634
What is the highest common divisor of 17725 and 27025?
25
What is the highest common divisor of 926621 and 99045?
2201
Calculate the greatest common divisor of 442559 and 533.
13
What is the greatest common factor of 31662440 and 320?
40
Calculate the greatest common divisor of 7880 and 1582895.
985
Calculate the highest common factor of 1264 and 7445908.
316
Calculate the greatest common factor of 75862 and 2559886.
166
Calculate the greatest common divisor of 480 and 14621920.
160
Calculate the highest common factor of 44212338 and 594.
54
Calculate the greatest common divisor of 14129 and 3479.
71
Calculate the highest common divisor of 2163576576 and 224.
224
Calculate the highest common factor of 44100 and 197715.
735
What is the greatest common divisor of 10846 and 22337656?
638
Calculate the highest common factor of 1119960 and 2250.
90
Calculate the greatest common factor of 197373616 and 704.
176
Calculate the greatest common divisor of 1700 and 11707628.
68
Calculate the greatest common factor of 4189 and 525749.
59
What is the greatest common factor of 160454 and 352622?
314
Calculate the greatest common factor of 393 and 214821267.
393
What is the highest common factor of 98411595 and 1380?
345
What is the highest common factor of 237 and 38976941?
79
Calculate the highest common divisor of 722 and 51308.
2
Calculate the highest common factor of 395 and 920117345.
395
Calculate the highest common divisor of 347103064 and 26664.
8888
What is the greatest common factor of 38471456 and 46324?
1252
Calculate the greatest common factor of 107299150 and 14690.
1130
What is the greatest common factor of 256 and 13277928?
8
What is the highest common factor of 156 and 2508285?
39
What is the highest common factor of 42736408 and 3432?
1144
What is the greatest common factor of 8756670 and 5928?
78
Calculate the highest common factor of 12 and 8758476.
12
Calculate the highest common factor of 1015400 and 520.
40
What is the greatest common factor of 2141055 and 88515?
315
What is the greatest common factor of 243634885 and 65?
65
Calculate the greatest common factor of 465560 and 3277.
113
Calculate the highest common divisor of 16055019 and 9.
9
Calculate the highest common divisor of 5538 and 62868.
78
What is the highest common divisor of 47985401 and 14997?
4999
Calculate the greatest common factor of 1002 and 106664403.
501
What is the highest common factor of 21125 and 24895?
65
What is the highest common divisor of 3509172 and 192600?
3852
What is the greatest common factor of 8645263 and 44?
11
Calculate the greatest common divisor of 38260 and 847340.
20
Calculate the greatest common factor of 4589 and 688298.
13
What is the highest common factor of 82719 and 66339?
819
Calculate the highest common divisor of 15 and 1624528275.
15
What is the greatest common divisor of 58339337 and 1022?
511
What is the greatest common divisor of 214719407 and 994?
497
Calculate the greatest common divisor of 132 and 132268.
4
What is the greatest common factor of 270168 and 933?
3
What is the highest common factor of 17179 and 326606?
41
Calculate the highest common factor of 5107093 and 10493.
1499
What is the highest common factor of 48 and 185971768?
8
What is the greatest common factor of 41540 and 4958?
134
Calculate the greatest common factor of 41952 and 5153541.
1311
What is the greatest common factor of 5148 and 2410452?
396
What is the greatest common divisor of 2031610 and 105?
35
Calculate the greatest common factor of 988 and 395958.
2
What is the highest common divisor of 6905 and 71284458?
1381
What is the highest common factor of 57036032 and 484096?
7936
Calculate the highest common divisor of 3696 and 2827748.
308
What is the highest common divisor of 124597 and 400542?
241
What is the greatest common divisor of 1368640 and 9880?
520
Calculate the greatest common divisor of 10530 and 12754530.
270
What is the greatest common factor of 655429584 and 2388?
2388
What is the highest common factor of 1758 and 48114116?
586
What is the highest common divisor of 97114534 and 198?
22
What is the highest common factor of 22 and 4015693?
11
Calculate the greatest common factor of 93 and 19402311.
93
Calculate the highest common factor of 1869088 and 112320.
416
Calculate the highest common divisor of 420 and 971196.
12
Calculate the highest common factor of 1877 and 27.
1
Calculate the highest common factor of 67968 and 10752.
384
What is the highest common divisor of 1710 and 2406540?
570
Calculate the greatest common factor of 10499841 and 891.
297
Calculate the highest common divisor of 16848601 and 539.
539
What is the greatest common divisor of 64486 and 233776?
38
Calculate the highest common divisor of 143307 and 7236.
9
Calculate the greatest common divisor of 192 and 64098.
6
What is the greatest common factor of 56 and 53685800?
56
Calculate the greatest common factor of 3727787 and 5548557.
9583
What is the highest common divisor of 1770 and 9451446?
354
What is the highest common factor of 60249 and 1235038?
133
Calculate the greatest common factor of 191484 and 19284.
12
Calculate the greatest common factor o